4) to base 7
-1113
Convert 201120 (base 3) to base 13.
318
What is 222100 (base 3) in base 10?
711
Convert -1011010001000010 (base 2) to base 7.
-251352
-43622 (base 8) to base 3
-221010121
Convert 1110001101 (base 2) to base 10.
909
Convert -124134 (base 5) to base 6.
-34435
Convert -599 (base 11) to base 2.
-1011001001
Convert -14e (base 15) to base 14.
-175
-17e (base 16) to base 13
-235
120011 (base 3) to base 12
2a1
350 (base 15) to base 2
1011101110
-426 (base 8) to base 14
-15c
-49 (base 13) to base 12
-51
-15432 (base 7) to base 8
-10357
What is -30052 (base 7) in base 11?
-5492
What is 14480 (base 9) in base 2?
10011010010001
-1000111011001 (base 2) to base 9
-6236
Convert -c341 (base 15) to base 2.
-1010000100010100
What is da3 (base 15) in base 13?
152a
17103 (base 8) to base 7
31405
212020 (base 3) to base 2
1001110011
Convert 212 (base 16) to base 14.
29c
89 (base 10) to base 8
131
Convert -b8 (base 14) to base 7.
-321
What is -1486 (base 12) in base 6?
-15050
Convert 301 (base 5) to base 8.
114
What is -a69 (base 13) in base 14?
-90d
Convert -2513 (base 6) to base 16.
-26d
336 (base 9) to base 13
183
-101535 (base 6) to base 8
-20003
What is 2657 (base 9) in base 8?
3714
228 (base 9) to base 10
188
-34170 (base 10) to base 8
-102572
Convert 22132320 (base 4) to base 3.
2011220020
Convert a3 (base 15) to base 8.
231
Convert 5314 (base 6) to base 7.
3331
Convert -547 (base 10) to base 2.
-1000100011
What is 1e1 (base 15) in base 10?
436
What is 5278 (base 9) in base 10?
3878
Convert 131 (base 5) to base 7.
56
What is -1010011100 (base 2) in base 14?
-35a
9b3 (base 14) to base 5
30141
What is 231 (base 4) in base 2?
101101
What is -956 (base 15) in base 4?
-200322
-116614 (base 8) to base 4
-21312030
Convert -2661 (base 14) to base 6.
-51125
What is 10591 (base 11) in base 5?
442341
Convert -102012101 (base 3) to base 4.
-1333210
What is 399 (base 13) in base 14?
333
Convert -12563 (base 11) to base 10.
-17977
What is -11033 (base 4) in base 16?
-14f
Convert -204435 (base 8) to base 10.
-67869
Convert 1417 (base 16) to base 6.
35451
What is -20800 (base 10) in base 13?
-9610
What is 313 (base 10) in base 15?
15d
Convert 4a9 (base 11) to base 3.
211100
What is -8488 (base 10) in base 9?
-12571
What is 1011110 (base 2) in base 3?
10111
What is -110000110 (base 2) in base 9?
-473
-38765 (base 9) to base 2
-110011000011101
Convert -285 (base 15) to base 7.
-1451
Convert -130233 (base 4) to base 3.
-2112010
What is -14ba (base 16) in base 10?
-5306
What is 1101110001010 (base 2) in base 5?
211200
Convert -1010001111111111 (base 2) to base 16.
-a3ff
What is 639 (base 12) in base 10?
909
Convert 1043234 (base 5) to base 3.
221110202
-32241 (base 5) to base 13
-ccc
What is -145 (base 12) in base 5?
-1242
Convert 121222 (base 3) to base 14.
24a
-20015 (base 6) to base 5
-40403
-201210 (base 3) to base 12
-386
What is -10203 (base 5) in base 3?
-221010
Convert 354 (base 14) to base 7.
1634
Convert -28c (base 14) to base 4.
-20010
What is -a73 (base 16) in base 11?
-2012
10120102000 (base 3) to base 13
25cb3
-10344 (base 5) to base 4
-23110
What is 1291 (base 11) in base 6?
11425
-46554 (base 7) to base 13
-558c
What is 5265 (base 7) in base 14?
96c
What is -100010010111111 (base 2) in base 5?
-1030344
What is 737 (base 10) in base 4?
23201
What is 27075 (base 9) in base 6?
220405
2354 (base 6) to base 3
210021
What is -1101001100111 (base 2) in base 14?
-266b
Convert -4554 (base 7) to base 16.
-678
Convert -2304320 (base 5) to base 2.
-1010000011111010
What is a2b6 (base 13) in base 6?
251545
Convert -33564 (base 12) to base 13.
-25063
What is 2351 (base 11) in base 12?
1949
13210 (base 4) to base 15
224
What is 319 (base 11) in base 7?
1055
Convert 1121020 (base 4) to base 13.
279a
What is 4d8 (base 15) in base 4?
101033
Convert -1022440 (base 5) to base 3.
-212122201
1131 (base 4) to base 5
333
What is 2191 (base 10) in base 16?
88f
What is -1100110011 (base 2) in base 15?
-399
Convert -ed (base 15) to base 6.
-1011
What is 1456 (base 10) in base 16?
5b0
Convert ca2 (base 13) to base 16.
870
Convert 712 (base 10) to base 14.
38c
What is -10f64 (base 16) in base 12?
-34258
What is -10023 (base 5) in base 15?
-2c8
Convert 4400 (base 7) to base 15.
6e8
Convert -bc74 (base 13) to base 7.
-136435
-50857 (base 9) to base 11
-2319a
What is -63e (base 15) in base 8?
-2601
Convert 10001110110 (base 2) to base 12.
7b2
44727 (base 8) to base 10
18903
-524 (base 16) to base 12
-918
-4620 (base 7) to base 6
-11440
-643 (base 12) to base 14
-495
Convert -3223 (base 4) to base 9.
-281
-340 (base 14) to base 9
-785
50d (base 16) to base 7
3525
What is -64414 (base 9) in base 3?
-2011110111
What is 34c7 (base 16) in base 2?
11010011000111
What is 19a (base 11) in base 6?
1022
What is -37215 (base 8) in base 15?
-4b28
Convert -26214 (base 8) to base 15.
-35a4
-10010010101011 (base 2) to base 8
-22253
10022 (base 5) to base 13
3a0
What is 130002 (base 4) in base 3?
2110110
What is -22a6 (base 16) in base 12?
-5172
What is -4541 (base 11) in base 8?
-13526
Convert 797 (base 10) to base 12.
565
-545 (base 10) to base 2
-1000100001
1a3b (base 15) to base 8
13061
What is 564 (base 10) in base 14?
2c4
What is -31030 (base 4) in base 9?
-1137
What is -12e (base 15) in base 3?
-100222
Convert 6420 (base 7) to base 3.
10010000
What is -330341 (base 6) in base 5?
-1333344
What is -1417 (base 9) in base 6?
-4541
-a294 (base 13) to base 14
-8261
What is 387 (base 15) in base 14?
414
What is -2616 (base 12) in base 15?
-1443
What is 45454 (base 8) in base 7?
110051
What is 110202 (base 3) in base 8?
530
What is -1045 (base 8) in base 2?
-1000100101
-201 (base 9) to base 13
-c7
10672 (base 8) to base 9
6202
201231 (base 4) to base 6
13553
What is -eb0 (base 15) in base 5?
-101230
-1539a (base 13) to base 6
-510004
-100001100 (base 2) to base 13
-178
Convert 51464 (base 8) to base 12.
103b0
107054 (base 8) to base 10
36396
Convert 10725 (base 8) to base 14.
1941
-27a8 (base 14) to base 9
-10546
Convert 2 (base 16) to base 10.
2
-3021010 (base 4) to base 6
-135324
-20 (base 12) to base 15
-19
What is 7757 (base 8) in base 9?
5532
Convert 101110010010001 (base 2) to base 14.
88c9
Convert -c23a (base 13) to base 16.
-687f
20010102 (base 3) to base 2
1000101110010
1100011011 (base 2) to base 6
3403
Convert -7798 (base 14) to base 3.
-1001102012
What is 121252 (base 6) in base 5?
320223
Convert -3294 (base 10) to base 13.
-1665
What is 142 (base 11) in base 13?
cb
Convert -50c (base 13) to base 7.
-2333
1221 (base 11) to base 14
820
What is 55b3 (base 14) in base 10?
14857
What is -11111010100 (base 2) in base 10?
-2004
What is 5151 (base 8) in base 2?
101001101001
25169 (base 11) to base 2
1000110100100101
What is 260 (base 12) in base 7?
1023
Convert -225540 (base 6) to base 13.
-8ac6
What is c3 (base 16) in base 3?
21020
-226 (base 9) to base 12
-136
Convert 1013 (base 11) to base 16.
541
-10602 (base 8) to base 6
-32430
-65d9 (base 14) to base 2
-100010011100011
-ad0 (base 14) to base 6
-13530
What is -28c (base 14) in base 11?
-42a
1515 (base 6) to base 7
1121
Convert -1683 (base 13) to base 12.
-1b06
Convert 6527 (base 9) to base 2.
1001011000100
4231 (base 7) to base 9
2037
Convert 13042 (base 6) to base 11.
1531
2a7 (base 14) to base 9
658
Convert 449 (base 11) to base 3.
201220
25233 (base 6) to base 2
111010110101
-e9b (base 16) to base 2
-111010011011
-31256 (base 7) to base 6
-55325
50a8 (base 11) to base 14
267b
What is 14333 (base 5) in base 13?
729
Convert 100 (base 8) to base 9.
71
What is 2209 (base 10) in base 6?
14121
-3a42 (base 13) to base 15
-270a
What is -10326 (base 9) in base 14?
-26ba
-101012121 (base 3) to base 8
-16421
Convert -13550 (base 6) to base 10.
-2154
Convert -27150 (base 8) to base 3.
-121022000
-10111010101 (base 2) to base 4
-113111
Convert -646 (base 11) to base 10.
-776
Convert 26106 (base 9) to base 3.
220010020
What is -324551 (base 7) in base 15?
-11cbb
Convert -163546 (base 7) to base 13.
-11a58
Convert -d6 (base 16) to base 2.
-11010110
What is -2140 (base 7) in base 16?
-2fb
-1101001100100 (base 2) to base 16
-1a64
Convert 15145 (base 6) to base 12.
14b5
What is -771 (base 10) in base 5?
-11041
Convert 1300 (base 7) to base 1